e 7) in base 10?
11
What is 134 (base 8) in base 4?
1130
What is -d1 (base 15) in base 5?
-1241
-3 (base 15) to base 13
-3
What is 4 (base 13) in base 3?
11
Convert b (base 16) to base 13.
b
Convert 1 (base 13) to base 2.
1
-9 (base 10) to base 3
-100
-112 (base 4) to base 6
-34
Convert -77 (base 14) to base 16.
-69
3 (base 10) to base 13
3
Convert -53 (base 7) to base 5.
-123
-14 (base 6) to base 10
-10
-13 (base 5) to base 11
-8
What is 10 (base 13) in base 16?
d
-20 (base 8) to base 15
-11
What is -8 (base 14) in base 4?
-20
Convert -5f (base 16) to base 7.
-164
Convert 42 (base 8) to base 3.
1021
What is -6 (base 16) in base 3?
-20
Convert 41 (base 6) to base 2.
11001
96 (base 11) to base 6
253
163 (base 8) to base 14
83
What is -2 (base 12) in base 16?
-2
1000001 (base 2) to base 10
65
What is 2 (base 8) in base 4?
2
-3 (base 11) to base 10
-3
What is -1b (base 12) in base 11?
-21
0 (base 9) to base 16
0
Convert 11 (base 2) to base 13.
3
0 (base 4) to base 16
0
Convert -24 (base 8) to base 13.
-17
What is -12 (base 5) in base 11?
-7
-16 (base 12) to base 11
-17
Convert 5 (base 16) to base 6.
5
Convert 10110 (base 2) to base 3.
211
What is -148 (base 9) in base 6?
-325
4 (base 15) to base 13
4
-11 (base 7) to base 11
-8
What is -266 (base 7) in base 2?
-10010010
What is -178 (base 11) in base 3?
-21122
Convert 18 (base 12) to base 14.
16
Convert -2 (base 6) to base 12.
-2
-3 (base 14) to base 9
-3
Convert 17c (base 13) to base 5.
2042
Convert -101 (base 2) to base 16.
-5
-29 (base 13) to base 12
-2b
What is -10022 (base 3) in base 10?
-89
-10 (base 7) to base 12
-7
-161 (base 8) to base 4
-1301
Convert -13 (base 9) to base 16.
-c
What is -10 (base 14) in base 12?
-12
11 (base 3) to base 6
4
209 (base 11) to base 4
3323
What is 3a (base 16) in base 3?
2011
What is -38 (base 15) in base 10?
-53
What is -68 (base 13) in base 9?
-105
Convert -10000110 (base 2) to base 11.
-112
-6 (base 14) to base 9
-6
Convert -123 (base 4) to base 3.
-1000
Convert 133 (base 6) to base 3.
2010
-e8 (base 15) to base 13
-13a
Convert -13 (base 5) to base 2.
-1000
What is -10 (base 14) in base 9?
-15
-1021 (base 3) to base 13
-28
What is -3 (base 10) in base 4?
-3
Convert 1 (base 10) to base 11.
1
65 (base 10) to base 13
50
Convert 2 (base 16) to base 7.
2
Convert 4 (base 7) to base 4.
10
What is -163 (base 11) in base 12?
-13a
What is 2 (base 12) in base 3?
2
What is -3 (base 9) in base 4?
-3
What is 1 (base 2) in base 10?
1
Convert 4d (base 14) to base 5.
234
Convert -47 (base 14) to base 7.
-120
Convert e0 (base 15) to base 8.
322
What is 3121 (base 4) in base 7?
430
Convert 67 (base 9) to base 12.
51
Convert 2 (base 6) to base 16.
2
What is 27 (base 9) in base 16?
19
-3 (base 12) to base 11
-3
What is 8 (base 13) in base 2?
1000
-db (base 16) to base 14
-119
Convert 405 (base 6) to base 3.
12112
-26 (base 7) to base 8
-24
What is -99 (base 12) in base 11?
-a7
10 (base 7) to base 11
7
214 (base 5) to base 6
135
What is 113 (base 14) in base 7?
423
What is 64 (base 10) in base 14?
48
What is -2f (base 16) in base 15?
-32
-1c (base 13) to base 15
-1a
What is -120 (base 8) in base 9?
-88
What is -4 (base 9) in base 14?
-4
Convert -351 (base 10) to base 7.
-1011
What is 2 (base 16) in base 11?
2
20 (base 8) to base 4
100
Convert 0 (base 4) to base 11.
0
12f (base 16) to base 14
179
14 (base 8) to base 2
1100
Convert -45 (base 8) to base 15.
-27
21 (base 14) to base 6
45
What is 2 (base 9) in base 10?
2
Convert 18 (base 10) to base 12.
16
What is 6d (base 16) in base 7?
214
-8 (base 13) to base 3
-22
210 (base 4) to base 12
30
-302 (base 4) to base 8
-62
Convert -20200 (base 3) to base 6.
-500
111 (base 5) to base 2
11111
Convert -322 (base 8) to base 2.
-11010010
What is -16 (base 11) in base 8?
-21
1010 (base 3) to base 9
33
What is -1 (base 9) in base 14?
-1
Convert 148 (base 10) to base 9.
174
Convert 3 (base 15) to base 4.
3
Convert 1110010 (base 2) to base 9.
136
What is 400 (base 5) in base 4?
1210
Convert -8 (base 15) to base 2.
-1000
Convert -11101 (base 2) to base 12.
-25
-150 (base 12) to base 5
-1304
Convert 49 (base 16) to base 11.
67
-21 (base 5) to base 8
-13
3f (base 16) to base 5
223
What is -70 (base 10) in base 9?
-77
Convert 112 (base 4) to base 13.
19
What is 21 (base 10) in base 3?
210
What is -11 (base 8) in base 11?
-9
Convert -11100 (base 2) to base 9.
-31
Convert -1 (base 4) to base 10.
-1
Convert 1 (base 16) to base 9.
1
Convert 1 (base 8) to base 5.
1
Convert -40 (base 12) to base 10.
-48
Convert -1 (base 10) to base 11.
-1
Convert -108 (base 9) to base 14.
-65
2 (base 14) to base 11
2
What is -31 (base 6) in base 14?
-15
110 (base 5) to base 6
50
-203 (base 4) to base 7
-50
What is 110 (base 2) in base 7?
6
Convert 2 (base 6) to base 10.
2
What is 43 (base 5) in base 2?
10111
What is -11100 (base 2) in base 7?
-40
-111100 (base 2) to base 16
-3c
What is 30 (base 11) in base 14?
25
Convert -25 (base 6) to base 3.
-122
Convert 30 (base 5) to base 9.
16
-38 (base 10) to base 9
-42
Convert -26 (base 8) to base 5.
-42
-426 (base 7) to base 4
-3120
What is 2 (base 6) in base 2?
10
What is 36 (base 11) in base 8?
47
What is 1313 (base 5) in base 3?
21201
2 (base 11) to base 7
2
-5 (base 8) to base 10
-5
-1 (base 12) to base 13
-1
What is 0 (base 6) in base 9?
0
What is -51 (base 13) in base 8?
-102
What is -214 (base 8) in base 10?
-140
Convert -1000100 (base 2) to base 11.
-62
What is 3 (base 4) in base 10?
3
Convert -22 (base 6) to base 8.
-16
What is -1 (base 6) in base 14?
-1
Convert -a (base 11) to base 10.
-10
What is 51 (base 8) in base 6?
105
46 (base 12) to base 10
54
Convert 10d (base 14) to base 6.
545
What is 3 (base 14) in base 16?
3
Convert 2 (base 3) to base 4.
2
Convert -101 (base 3) to base 15.
-a
38 (base 16) to base 5
211
What is 2d (base 14) in base 8?
51
-4 (base 9) to base 10
-4
Convert -132 (base 9) to base 6.
-302
What is 5 (base 13) in base 9?
5
What is 14 (base 7) in base 2?
1011
Convert -152 (base 8) to base 2.
-1101010
c2 (base 14) to base 6
442
Convert -33 (base 6) to base 12.
-19
Convert -61 (base 10) to base 15.
-41
Convert 2 (base 8) to base 6.
2
-25 (base 16) to base 8
-45
What is -12b (base 13) in base 5?
-1311
-20 (base 12) to base 7
-33
What is -14 (base 8) in base 10?
-12
-17 (base 13) to base 4
-110
-20 (base 3) to base 8
-6
-153 (base 10) to base 3
-12200
What is -25 (base 16) in base 2?
-100101
Convert -5 (base 14) to base 15.
-5
Convert 103 (base 6) to base 10.
39
31 (base 7) to base 10
22
Convert -320 (base 4) to base 5.
-211
3 (base 9) to base 6
3
-112 (base 6) to base 7
-62
What is 103 (base 5) in base 13?
22
-10 (base 6) to base 15
-6
Convert 46 (base 7) to base 13.
28
-51 (base 6) to base 2
-11111
-1 (base 4) to base 7
-1
What is 4 (base 12) in base 6?
4
Convert -10001 (base 3) to base 15.
-57
-15 (base 15) to base 5
-40
-5 (base 12) to base 14
-5
Convert 2 (base 10) to base 11.
2
Convert -234 (base 7) to base 15.
-83
Convert 102 (base 4) to base 3.
200
Convert 10011100 (base 2) to base 11.
132
What is -1000 (base 2) in base 11?
-8
Convert -2 (base 14) to base 8.
-2
What is -b3 (base 14) in base 7?
-313
Convert -552 (base 7) to base 12.
-1b6
Convert 233 (base 7) to base 11.
101
Convert a3 (base 11) to base 7.
221
Convert 2 (base 10) to base 3.
2
Convert 9 (base 12) to base 6.
13
What is -150 (base 7) in base 4?
-1110
10010 (base 2) to base 8
22
-2 (base 15) to base 16
-2
What is -1 (base 5) in base 8?
-1
-2 (base 14) to base 3
-2
What is -1 (base 11) in base 8?
-1
-3 (base 8) to base 9
-3
-6 (base 11) to base 6
-10
Convert -20 (base 3) to base 14.
-6
What is 3 (base 7) in base 13?
3
-17 (base 11) to base 8
-22
Convert 11 (base 12) to base 7.
16
-14 (base 12) to base 13
-13
-2 (base 8) to base 13
-2
What is -38 (base 14) in base 9?
-55
-131 (base 5) to base 2
-101001
-34 (base 9) to base 3
-1011
10010 (base 3) to base 7
150
What is d (base 16) in base 7?
16
What is 1313 (base 4) in base 5?
434
Convert -112 (base 8) to base 14.
-54
0 (base 7) to base 14
0
Convert -132 (base 6) to base 11.
-51
d (base 14) to base 8
15
What is -12 (base 4) in base 16?
-6
Convert 42 (base 14) to base 15.
3d
Convert 122 (base 7) to base 10.
65
-11110 (base 2) to base 12
-26
What is 5 (base 13) in base 11?
5
Convert 5